 y = -18. Calculate the remainder when b(c) is divided by 16.
13
Let q be 8*55*-1 - (4 - 3). Let u = q + 524. Calculate the remainder when u is divided by 24.
11
Let d(h) = -h**3 - 12*h**2 - 20*h + 2. Let b be d(-10). Suppose 0 = g - b*l - 87, -7*g = -5*g - l - 162. Calculate the remainder when g is divided by 18.
7
Let l(p) = 10*p**2 - 14*p + 22. Let y = -2 - -12. Let v be l(y). Suppose -14*o = -5*o - v. Calculate the remainder when o is divided by 50.
48
Suppose -4071*i = -4040*i - 4743. Calculate the remainder when 888 is divided by i.
123
Let z(v) = -3*v - 5. What is the remainder when 3/((-463)/(-23) - 20) is divided by z(-7)?
7
Let n(z) = 132*z - 547. Calculate the remainder when n(6) is divided by 116.
13
Let t be (-1 + 0 + -88)*-1. Let d be (-7)/((-21)/(-12)) + (-621)/9. Let k = d + t. Calculate the remainder when 37 is divided by k.
5
Calculate the remainder when (-484)/(-5) + -4 - 52/65 is divided by 22.
4
Let n = 21087 + -20005. What is the remainder when n is divided by 21?
11
Let s = 55 + -19. Let l be s/(-234) + 82/26. Suppose 0 = 4*v - v - l, -296 = -4*p - 4*v. What is the remainder when p is divided by 25?
23
Let w be (-1082)/12 - (-4)/24. Let h be (-16)/(-3)*w/20. Let v = h - -45. Calculate the remainder when 41 is divided by v.
20
Suppose k = -5*p + 174, p - k + 6*k - 54 = 0. What is the remainder when 1721 is divided by p?
21
Suppose -4*p + 112 = -6202*i + 6206*i, i = 5*p + 16. Calculate the remainder when 805 is divided by i.
25
Suppose -5*k - 533 = -2298. Let f = k - 151. What is the remainder when f is divided by 51?
49
Let b(s) = -3 - s**3 - 4*s + 6*s - s - 3*s**2. Suppose 5*p + 139 = 2*v, -140 = -306*v + 302*v + 4*p. Calculate the remainder when b(-5) is divided by v.
6
Suppose -4*d + 326 = 198*t - 200*t, 5*t - 157 = -2*d. Calculate the remainder when 2458 is divided by d.
28
Let j(a) = a**2 + a - 1. Let q(o) = -17*o**2 - 2*o - 2. Let y(v) = -5*j(v) - q(v). Suppose 5*r = 2*r + 84. What is the remainder when y(2) is divided by r?
21
Suppose 5*x = -3*v - 26, x - 31 = 5*x - v. Let i be 2/x + (-3)/((-84)/(-2036)). Let c = -61 - i. What is the remainder when 70 is divided by c?
10
Suppose 22*g = -3*l + 21*g + 304, 4*l + 2*g = 402. Calculate the remainder when 2778 is divided by l.
100
Suppose -2*q = 5*a + 115, 5 + 18 = -a + 5*q. Let b = a - -24. Suppose -2*i - x + b + 26 = 0, -3*i + 36 = -3*x. What is the remainder when 25 is divided by i?
12
Let f(o) = -o**3 + 29*o**2 - 26*o + 345. Calculate the remainder when f(21) is divided by 185.
182
Let z = 9022 + -8926. What is the remainder when 4894 is divided by z?
94
Let m(r) = 452*r - 1289. Calculate the remainder when 421 is divided by m(3).
19
Let w = 5137 + -5010. What is the remainder when 2151 is divided by w?
119
Calculate the remainder when 612 is divided by 182/65*770/49.
40
Let w = -11376 + 12220. Calculate the remainder when w is divided by 138.
16
Suppose -19*w - 22662 + 24154 = -48478. Calculate the remainder when w is divided by 28.
26
Let q(n) = -n**3 - 13*n**2 - 12*n. Let p be q(-12). Suppose c - 15 + 5 = p. Suppose 0 = -14*i + 8*i + 294. Calculate the remainder when i is divided by c.
9
What is the remainder when (-5)/((5 - 75/20)/(8628/(-16))) is divided by 309?
303
What is the remainder when 613 is divided by 12*(1 + -1 + 1071/102)?
109
Suppose -7*h + 9*h = -8, 5*g = 3*h + 107. Let u(l) = l**2 - 4*l - 42. What is the remainder when u(g) is divided by 118?
7
Let t = -63 + 69. Let x(n) = 5 - 2*n**2 - n**3 + 2*n**3 + 8*n - t*n. What is the remainder when 96 is divided by x(3)?
16
Suppose -27*g - 1047 = -42*g + 3468. Calculate the remainder when g is divided by 92.
25
Suppose z + 13 = -5*a + 14, 0 = -3*z - 3*a + 27. Calculate the remainder when 1041 is divided by z.
7
Suppose 70 = 15*l - 200. What is the remainder when 104 is divided by l?
14
Let s = 612 - 142. Let m = 483 - s. What is the remainder when 128 is divided by m?
11
What is the remainder when 1630*(6 - (7 + -2 - 6/(-12))) is divided by 62?
9
Let z = 11 - -2. Let u(j) = -j**2 + 5*j + 2. Let v be u(-2). What is the remainder when (-4 + 0)*(3 - (-105)/v) is divided by z?
10
Suppose -i = 5*i - 6. What is the remainder when 5*((-58)/(-10) + i + 1) is divided by 21?
18
Let u = -128 - -100. Let h = 98 + u. Calculate the remainder when h is divided by 12.
10
Suppose 4*w - 3*v - 7 - 7 = 0, 0 = w + v. Suppose w*a + 5*a = 84. What is the remainder when 47 is divided by a?
11
Let d be 0/(24/(-8) - -5). Suppose -60*q + 65*q - 3050 = d. What is the remainder when q is divided by 13?
12
Suppose 58 = 4*h + 2*f, 24 - 13 = 3*h - 5*f. Suppose 80*w - 78*w - 214 = 0. What is the remainder when w is divided by h?
11
Let g be (-18)/(-12)*314/3. Let k(c) = c**2 + 122*c + 110. Let v be k(0). Let a = g - v. What is the remainder when a is divided by 25?
22
Let y = -82 + 88. Calculate the remainder when -2 - (-16)/y*(-27)/(-6) is divided by (-52)/(-13) - (-2 + 1)*-1.
1
Suppose 2*h = -4*s + 4, -3*h = s + 2*h - 10. Suppose -4*n + v + 107 = 0, -v + 23 = n - s*n. What is the remainder when 77 is divided by n?
25
Suppose 25*g + 165 = 30*g. Let n = 20 + -14. Calculate the remainder when g is divided by n.
3
Suppose 40*i - 177 = 743. Suppose 0 = -i*l + 12*l + 2915. What is the remainder when l is divided by 14?
13
Let x be (-2)/9 + (-25)/9. Let c be 3 - (-2*x/(-2) + 1). Suppose 118 = c*y + 73. Calculate the remainder when 96 is divided by y.
6
Suppose -46931 - 2695 = -54*b. Calculate the remainder when b is divided by 66.
61
Let t be (-3)/(72/63 + (-3)/21). Let u(p) = -2*p**3 - 4*p + 3. What is the remainder when u(t) is divided by 37?
32
Let b = 2097 + -1429. Calculate the remainder when b is divided by 124.
48
Let i = -1890 - -1971. Calculate the remainder when 562 is divided by i.
76
Suppose -125*l + 59*l + 24420 = 0. Calculate the remainder when l is divided by 19.
9
Suppose -47*t + 39043 = -83063. Calculate the remainder when t is divided by 93.
87
Let n = -25803 + 25879. What is the remainder when 143 is divided by n?
67
Suppose 2*t + 3 = -5*l + 18, 0 = 2*l + 2*t - 6. Let b = 20 + -16. Calculate the remainder when ((-182)/35 + b)*(-50)/4 is divided by l.
0
Let v(o) = o**3 + 3*o**2 - 7*o - 2. Let c(u) = -u**2 + 5*u + 10. Let p be c(-2). Calculate the remainder when 127 is divided by v(p).
7
Let r = 93 + -361. Let z = r - -290. What is the remainder when 142 is divided by z?
10
Suppose 589 - 351 = 7*i. What is the remainder when 1629 is divided by i?
31
Let i(d) = -d**2 + 16*d + 52. Calculate the remainder when ((-2248)/(-6))/4 - (-1)/3 is divided by i(18).
14
Let i be ((-4)/(-3)*(-1179)/(-6))/(-2). Let b = i - -227. Suppose 0 = -5*u - 2*t + b, -t = -5*u - 23 + 110. What is the remainder when 53 is divided by u?
17
Let c be -6*(-18)/(-9)*-1. Let t(r) = -2*r**2 - 3*r**2 + 4*r**2 + 8*r + 5*r. What is the remainder when 33 is divided by t(c)?
9
Suppose -m + 115 + 97 = 0. Let t = m - 165. Calculate the remainder when 466 is divided by t.
43
Calculate the remainder when 710*(45/(-30) - -2) is divided by 163.
29
Let v = -4688 - -4693. What is the remainder when 190 is divided by v?
0
Let z(i) = -117*i + 12883. Calculate the remainder when 38 is divided by z(110).
12
Suppose 0 = -143*k + 60382 + 92056. What is the remainder when k is divided by 177?
4
Let r = 518 - 510. Suppose -t + 5*f - r + 265 = 0, -5*f = -5. Calculate the remainder when t is divided by 88.
86
Suppose 39*u + 118 - 1678 = 0. What is the remainder when 233 is divided by u?
33
Let j = 3866 + -2179. Suppose -4*q - 5*f = -1681, 2*q + 3*f = -2*q + j. Calculate the remainder when q is divided by 61.
58
Let i = -39 + 85. Let u = 8 + i. Suppose 3*j - 9 = u. What is the remainder when 102 is divided by j?
18
Let k = 21 - 7. Let o = -523 + 533. What is the remainder when -166*((-6)/o + 10/100) is divided by k?
13
Let o = 457 - 198. Let i be (5 + 30/10 - 10)/((-2)/3). Suppose i*c - 19 + o = 3*f, -5*f - 4*c + 400 = 0. What is the remainder when f is divided by 27?
26
Let v be (-7)/63*3*-1071. Let r = 297 + v. Calculate the remainder when r is divided by 94.
90
Let g = -5091 + 5120. Let l(m) = -5*m + 5 - 1 - 17*m. What is the remainder when l(-5) is divided by g?
27
Suppose 183*j + 2406 + 1494 = 188*j. What is the remainder when j is divided by 256?
12
Suppose 5*l = 3*y + 28 - 8